{"id":4523,"date":"2015-10-19T04:23:53","date_gmt":"2015-10-19T04:23:53","guid":{"rendered":"http:\/\/demo.thimpress.com\/eduma\/?page_id=12"},"modified":"2020-05-27T17:20:00","modified_gmt":"2020-05-27T17:20:00","slug":"home","status":"publish","type":"page","link":"https:\/\/escuelazonaparque.com\/escuela\/","title":{"rendered":"Home"},"content":{"rendered":"<p>[vc_row full_width=&#8221;stretch_row_content_no_spaces&#8221;][vc_column 0=&#8221;&#8221;][rev_slider_vc alias=&#8221;home-page&#8221;][\/vc_column][\/vc_row][vc_row el_class=&#8221;thim-best-industry&#8221; css=&#8221;.vc_custom_1471005335630{margin-right: -2px !important;margin-left: -2px !important;}&#8221;][vc_column width=&#8221;1\/3&#8243; css=&#8221;.vc_custom_1471791457305{margin-bottom: 30px !important;padding-right: 2px !important;padding-left: 2px !important;}&#8221;]<div class=\"thim-widget-icon-box\"><div class=\"wrapper-box-icon has_custom_image has_read_more  overlay \"   data-text-readmore=\"#ffb606\"><div class=\"smicon-box iconbox-left\"><div class=\"boxes-icon\" style=\"width: 135px;\"><span class=\"inner-icon\"><span class=\"icon icon-images\"><img decoding=\"async\" src=\"https:\/\/escuelazonaparque.com\/escuela\/wp-content\/uploads\/2015\/10\/logo-top-1.png\" alt=\"logo-top-1\" title=\"logo-top-1\"  width=\"61\" height=\"52\"><\/span><\/span><\/div><div class=\"content-inner\"  style=\"width: calc( 100% - 135px - 15px);\"><div class=\"sc-heading article_heading\"><h3 class = \"heading__primary\" >60 a\u00f1os de trayectoria<\/h3><\/div><a class=\"smicon-read sc-btn\" target=\"_self\" href=\"#\"  style=\"color: #ffb606;\" >+ info<i class=\"fa fa-chevron-right\"><\/i><\/a><\/div><\/div><!--end smicon-box--><\/div><\/div>[\/vc_column][vc_column width=&#8221;1\/3&#8243; css=&#8221;.vc_custom_1471791466594{margin-bottom: 30px !important;padding-right: 2px !important;padding-left: 2px !important;}&#8221;]<div class=\"thim-widget-icon-box\"><div class=\"wrapper-box-icon has_custom_image has_read_more  overlay \"   data-text-readmore=\"#ffb606\"><div class=\"smicon-box iconbox-left\"><div class=\"boxes-icon\" style=\"width: 135px;\"><span class=\"inner-icon\"><span class=\"icon icon-images\"><img decoding=\"async\" src=\"https:\/\/escuelazonaparque.com\/escuela\/wp-content\/uploads\/2015\/10\/logo-top-2.png\" alt=\"logo-top-2\" title=\"logo-top-2\"  width=\"66\" height=\"51\"><\/span><\/span><\/div><div class=\"content-inner\"  style=\"width: calc( 100% - 135px - 15px);\"><div class=\"sc-heading article_heading\"><h3 class = \"heading__primary\" >Experiencias \u00danicas<\/h3><\/div><a class=\"smicon-read sc-btn\" target=\"_self\" href=\"#\"  style=\"color: #ffb606;\" >+ Info<i class=\"fa fa-chevron-right\"><\/i><\/a><\/div><\/div><!--end smicon-box--><\/div><\/div>[\/vc_column][vc_column width=&#8221;1\/3&#8243; css=&#8221;.vc_custom_1471791487523{margin-bottom: 30px !important;padding-right: 2px !important;padding-left: 2px !important;}&#8221;]<div class=\"thim-widget-icon-box\"><div class=\"wrapper-box-icon has_custom_image has_read_more  overlay \"   data-text-readmore=\"#ffb606\"><div class=\"smicon-box iconbox-left\"><div class=\"boxes-icon\" style=\"width: 135px;\"><span class=\"inner-icon\"><span class=\"icon icon-images\"><img decoding=\"async\" src=\"https:\/\/escuelazonaparque.com\/escuela\/wp-content\/uploads\/2020\/05\/icono-escuela.png\" alt=\"icono-escuela\" title=\"icono-escuela\"  width=\"61\" height=\"52\"><\/span><\/span><\/div><div class=\"content-inner\"  style=\"width: calc( 100% - 135px - 15px);\"><div class=\"sc-heading article_heading\"><h3 class = \"heading__primary\" >Espacios \u00danicos<\/h3><\/div><a class=\"smicon-read sc-btn\" target=\"_self\" href=\"#\"  style=\"color: #ffb606;\" >+ Info<i class=\"fa fa-chevron-right\"><\/i><\/a><\/div><\/div><!--end smicon-box--><\/div><\/div>[\/vc_column][\/vc_row][vc_row css=&#8221;.vc_custom_1590599705811{margin-bottom: 100px !important;background-color: #000000 !important;}&#8221;][vc_column 0=&#8221;&#8221; width=&#8221;3\/4&#8243;]<div class=\"thim-widget-heading\"><div class=\"sc_heading   wpb_animate_when_almost_visible wpb_top-to-bottom text-right\"><h3 style=\"text-transform: uppercase;color:#ffffff;font-size:29.5px;\" class=\"title\">Pr\u00f3ximamente nuevo Campus Virtual Zona Parque<\/h3><p class=\"sub-heading\" style=\"\">Sistema dise\u00f1ado para crear y gestionar espacios de aprendizaje online adaptados a las necesidades de profesores y estudiantes.<\/p><\/div><\/div>[\/vc_column][vc_column width=&#8221;1\/4&#8243;][vc_empty_space height=&#8221;50px&#8221;][vc_btn title=&#8221;Acceder&#8221; color=&#8221;info&#8221; align=&#8221;left&#8221; i_align=&#8221;right&#8221; i_icon_fontawesome=&#8221;fas fa-laptop&#8221; add_icon=&#8221;true&#8221; link=&#8221;url:%23||target:%20_blank|&#8221;][\/vc_column][\/vc_row][vc_row full_width=&#8221;stretch_row&#8221; parallax=&#8221;content-moving&#8221; parallax_image=&#8221;5854&#8243; parallax_speed_bg=&#8221;1.3&#8243; el_class=&#8221;thim-bg-overlay&#8221; css=&#8221;.vc_custom_1471016167480{padding-top: 30px !important;padding-bottom: 85px !important;}&#8221;][vc_column 0=&#8221;&#8221;][vc_row_inner 0=&#8221;&#8221;][vc_column_inner 0=&#8221;&#8221;]<div class=\"thim-widget-heading\"><div class=\"sc_heading   \"><h3 style=\"color:#ffffff;\" class=\"title\">Enterate de lo \u00daltimo<\/h3><p class=\"sub-heading\" style=\"color:#ffffff;\">Te mantenemos actualizado sobre las \u00faltimas propuestas de la escuela.<\/p><\/div><\/div>[\/vc_column_inner][\/vc_row_inner]<div class=\"thim-widget-carousel-post\">\t<div class=\"thim-owl-carousel-post thim-carousel-wrapper\" data-visible=\"3\"\n\t     data-pagination=\"0\" data-navigation=\"1\" data-autoplay=\"0\">\n\t\t\t\t\t<div class=\"item\">\n\t\t\t\t\t\t\t\t<div class=\"image\">\n\t\t\t\t\t<a href=\"https:\/\/escuelazonaparque.com\/escuela\/aula-virtualll\/\">\n\t\t\t\t\t\t<img loading=\"lazy\" decoding=\"async\" src=\"https:\/\/escuelazonaparque.com\/escuela\/wp-content\/uploads\/2016\/03\/portfolio-course-3-450x267.jpg\" alt=\"Nueva Aula Virtual\" title=\"portfolio-course-3\"  width=\"450\" height=\"267\">\t\t\t\t\t<\/a>\n\t\t\t\t<\/div>\n\t\t\t\t<div class=\"content\">\n\t\t\t\t\t<div class=\"info\">\n\t\t\t\t\t\t<div class=\"author\">\n\t\t\t\t\t\t\t<span>admin<\/span>\t\t\t\t\t\t<\/div>\n\t\t\t\t\t\t<div class=\"date\">\n\t\t\t\t\t\t\tmarzo 7, 2015\t\t\t\t\t\t<\/div>\n\t\t\t\t\t<\/div>\n\t\t\t\t\t<h4 class=\"title\">\n\t\t\t\t\t\t<a href=\"https:\/\/escuelazonaparque.com\/escuela\/aula-virtualll\/\">Nueva Aula Virtual<\/a>\n\t\t\t\t\t<\/h4>\n\t\t\t\t<\/div>\n\t\t\t<\/div>\n\t\t\t\t\t\t<div class=\"item\">\n\t\t\t\t\t\t\t\t<div class=\"image\">\n\t\t\t\t\t<a href=\"https:\/\/escuelazonaparque.com\/escuela\/novedad-3\/\">\n\t\t\t\t\t\t<img loading=\"lazy\" decoding=\"async\" src=\"https:\/\/escuelazonaparque.com\/escuela\/wp-content\/uploads\/2016\/01\/blog-7-450x267.jpg\" alt=\"Novedad 3\" title=\"blog-7\"  width=\"450\" height=\"267\">\t\t\t\t\t<\/a>\n\t\t\t\t<\/div>\n\t\t\t\t<div class=\"content\">\n\t\t\t\t\t<div class=\"info\">\n\t\t\t\t\t\t<div class=\"author\">\n\t\t\t\t\t\t\t<span>admin<\/span>\t\t\t\t\t\t<\/div>\n\t\t\t\t\t\t<div class=\"date\">\n\t\t\t\t\t\t\tenero 20, 2016\t\t\t\t\t\t<\/div>\n\t\t\t\t\t<\/div>\n\t\t\t\t\t<h4 class=\"title\">\n\t\t\t\t\t\t<a href=\"https:\/\/escuelazonaparque.com\/escuela\/novedad-3\/\">Novedad 3<\/a>\n\t\t\t\t\t<\/h4>\n\t\t\t\t<\/div>\n\t\t\t<\/div>\n\t\t\t\t\t\t<div class=\"item\">\n\t\t\t\t\t\t\t\t<div class=\"image\">\n\t\t\t\t\t<a href=\"https:\/\/escuelazonaparque.com\/escuela\/nueva-web\/\">\n\t\t\t\t\t\t<img loading=\"lazy\" decoding=\"async\" src=\"https:\/\/escuelazonaparque.com\/escuela\/wp-content\/uploads\/2015\/10\/09072014-DSC_4107-450x267.jpg\" alt=\"Renovamos Nuestra Web\" title=\"09072014-DSC_4107\"  width=\"450\" height=\"267\">\t\t\t\t\t<\/a>\n\t\t\t\t<\/div>\n\t\t\t\t<div class=\"content\">\n\t\t\t\t\t<div class=\"info\">\n\t\t\t\t\t\t<div class=\"author\">\n\t\t\t\t\t\t\t<span>admin<\/span>\t\t\t\t\t\t<\/div>\n\t\t\t\t\t\t<div class=\"date\">\n\t\t\t\t\t\t\toctubre 18, 2015\t\t\t\t\t\t<\/div>\n\t\t\t\t\t<\/div>\n\t\t\t\t\t<h4 class=\"title\">\n\t\t\t\t\t\t<a href=\"https:\/\/escuelazonaparque.com\/escuela\/nueva-web\/\">Renovamos Nuestra Web<\/a>\n\t\t\t\t\t<\/h4>\n\t\t\t\t<\/div>\n\t\t\t<\/div>\n\t\t\t\t<\/div>\n\n\t<script type=\"text\/javascript\">\n\t\tjQuery(document).ready(function(){\n\t\t\t\"use strict\";\n\n\t\t\tif (jQuery(\"body\").hasClass(\"vc_editor\")) {\n\t\t\t\tjQuery('.thim-carousel-wrapper').each(function() {\n\t\t\t\t\tvar item_visible = jQuery(this).data('visible') ? parseInt(\n\t\t\t\t\t\tjQuery(this).data('visible')) : 4,\n\t\t\t\t\t\titem_desktopsmall = jQuery(this).data('desktopsmall') ? parseInt(\n\t\t\t\t\t\t\tjQuery(this).data('desktopsmall')) : item_visible,\n\t\t\t\t\t\titemsTablet = jQuery(this).data('itemtablet') ? parseInt(\n\t\t\t\t\t\t\tjQuery(this).data('itemtablet')) : 2,\n\t\t\t\t\t\titemsMobile = jQuery(this).data('itemmobile') ? parseInt(\n\t\t\t\t\t\t\tjQuery(this).data('itemmobile')) : 1,\n\t\t\t\t\t\tpagination = !!jQuery(this).data('pagination'),\n\t\t\t\t\t\tnavigation = !!jQuery(this).data('navigation'),\n\t\t\t\t\t\tautoplay = jQuery(this).data('autoplay') ? parseInt(\n\t\t\t\t\t\t\tjQuery(this).data('autoplay')) : false,\n\t\t\t\t\t\tnavigation_text = (jQuery(this).data('navigation-text') &&\n\t\t\t\t\t\t\tjQuery(this).data('navigation-text') === '2') ? [\n\t\t\t\t\t\t\t'<i class=\\'fa fa-long-arrow-left \\'><\/i>',\n\t\t\t\t\t\t\t'<i class=\\'fa fa-long-arrow-right \\'><\/i>',\n\t\t\t\t\t\t] : [\n\t\t\t\t\t\t\t'<i class=\\'fa fa-chevron-left \\'><\/i>',\n\t\t\t\t\t\t\t'<i class=\\'fa fa-chevron-right \\'><\/i>',\n\t\t\t\t\t\t];\n\n\t\t\t\t\tjQuery(this).owlCarousel({\n\t\t\t\t\t\titems            : item_visible,\n\t\t\t\t\t\titemsDesktop     : [1200, item_visible],\n\t\t\t\t\t\titemsDesktopSmall: [1024, item_desktopsmall],\n\t\t\t\t\t\titemsTablet      : [768, itemsTablet],\n\t\t\t\t\t\titemsMobile      : [480, itemsMobile],\n\t\t\t\t\t\tnavigation       : navigation,\n\t\t\t\t\t\tpagination       : pagination,\n\t\t\t\t\t\tlazyLoad         : true,\n\t\t\t\t\t\tautoPlay         : autoplay,\n\t\t\t\t\t\tnavigationText   : navigation_text,\n\t\t\t\t\t\tafterAction    : function () {\n\t\t\t\t\t\t\tvar width_screen = jQuery(window).width();\n\t\t\t\t\t\t\tvar width_container = jQuery('#main-home-content').width();\n\t\t\t\t\t\t\tvar elementInstructorCourses = jQuery('.thim-instructor-courses');\n\n\t\t\t\t\t\t\tif(elementInstructorCourses.length){\n\t\t\t\t\t\t\t\tif( width_screen > width_container ){\n\t\t\t\t\t\t\t\t\tvar margin_left_value = ( width_screen - width_container ) \/ 2 ;\n\t\t\t\t\t\t\t\t\tjQuery('.thim-instructor-courses .thim-course-slider-instructor .owl-controls .owl-buttons').css('left',margin_left_value+'px');\n\t\t\t\t\t\t\t\t}\n\t\t\t\t\t\t\t}\n\t\t\t\t\t\t}\n\t\t\t\t\t});\n\t\t\t\t});\n\t\t\t}\n\t\t});\n\t<\/script>\n\n\t<\/div>[\/vc_column][\/vc_row][vc_row css=&#8221;.vc_custom_1471791722105{margin-bottom: 100px !important;}&#8221;][vc_column 0=&#8221;&#8221;]<div class=\"thim-widget-heading\"><div class=\"sc_heading   text-center\"><h3 class=\"title\">Zona Parque posee una infraestructura \u00f3ptima para brindar educaci\u00f3n secundaria de calidad.<\/h3><p class=\"sub-heading\" style=\"\">Tambi\u00e9n un SUM (sal\u00f3n de usos m\u00faltiples) utilizado para todo tipo de pr\u00e1cticas deportivas y eventos sociales. Este SUM, en el que se ha hecho un escenario previsto justamente para estos eventos sociales cuenta con un equipo notable (\u00f3ptimo) de iluminaci\u00f3n y sonido y tiene una capacidad para m\u00e1s de 500 personas .<\/p><\/div><\/div>[vc_masonry_media_grid initial_loading_animation=&#8221;fadeIn&#8221; grid_id=&#8221;vc_gid:1590599971778-27910aae-56e0-7&#8243; include=&#8221;11509,11516,11515,11510,11466,11464,11465,11454,11452&#8243;][\/vc_column][\/vc_row][vc_row full_width=&#8221;stretch_row&#8221; parallax=&#8221;content-moving&#8221; parallax_image=&#8221;5841&#8243; parallax_speed_bg=&#8221;1.3&#8243; el_class=&#8221;thim-bg-overlay&#8221;][vc_column width=&#8221;1\/2&#8243;][vc_raw_html 0=&#8221;&#8221;]JTNDZGl2JTIwY2xhc3MlM0QlMjJ0aGltLWdldC0xMDBzJTIyJTNFJTBBJTNDcCUyMGNsYXNzJTNEJTIyZ2V0LTEwMHMlMjIlM0Vab25hJTIwUGFycXVlJTIwJTNDc3BhbiUyMGNsYXNzJTNEJTIydGhpbS1jb2xvciUyMiUzRVNlJTIwUmVub3ZvJTNDJTJGc3BhbiUzRSUzQyUyRnAlM0UlMEElM0NoMiUzRVBhcmElMjBVc3RlZGVzJTNDJTJGaDIlM0UlMEElM0MlMkZkaXYlM0U=[\/vc_raw_html]<div class=\"thim-widget-countdown-box\"><div class=\"text-left color-white\" id=\"coming-soon-counter69e912400716a\"><\/div><script data-cfasync=\"true\" type=\"text\/javascript\">\n    (function($) {\n        'use strict';\n        $(document).ready(function() {\n            $(\"#coming-soon-counter69e912400716a\").mbComingsoon({\n                expiryDate  : new Date('2019\/02\/01 12:00'),\n                localization: {\n                    days   : \"D\u00edas\",\n                    hours  : \"Horas\",\n                    minutes: \"Minutos\",\n                    seconds: \"Segundos\",\n                },\n                speed       : 100,\n            });\n            setTimeout(function() {\n                jQuery(window).resize();\n            }, 200);\n        });\n    })(jQuery);\n<\/script><\/div>[\/vc_column][vc_column width=&#8221;1\/2&#8243;][vc_raw_html 0=&#8221;&#8221;]JTNDZGl2JTIwY2xhc3MlM0QlMjJ0aGltLXJlZ2lzdGVyLW5vdy1mb3JtJTIyJTNFJTBBJTNDaDMlMjBjbGFzcyUzRCUyMnRpdGxlJTIyJTNFJTNDc3BhbiUzRVBvciUyMGNvbnN1bHRhcyUyMGdlbmVyYWxlcyUyMG8lMjBpbnN0aXR1Y2lvbmFsZXMlMjBlc2NyaWJpbm9zJTIwYWMlQzMlQTElM0MlMkZzcGFuJTNFJTNDJTJGaDMlM0UlMEElNUJjb250YWN0LWZvcm0tNyUyMGlkJTNEJTIyODUlMjIlMjB0aXRsZSUzRCUyMkVudmlhciUyMiU1RCUwQSUzQyUyRmRpdiUzRQ==[\/vc_raw_html][\/vc_column][\/vc_row]<\/p>\n","protected":false},"excerpt":{"rendered":"<p>[vc_row full_width=&#8221;stretch_row_content_no_spaces&#8221;][vc_column 0=&#8221;&#8221;][rev_slider_vc alias=&#8221;home-page&#8221;][\/vc_column][\/vc_row][vc_row el_class=&#8221;thim-best-industry&#8221; css=&#8221;.vc_custom_1471005335630{margin-right: -2px !important;margin-left: -2px !important;}&#8221;][vc_column width=&#8221;1\/3&#8243; css=&#8221;.vc_custom_1471791457305{margin-bottom: 30px !important;padding-right: 2px !important;padding-left: 2px !important;}&#8221;][\/vc_column][vc_column width=&#8221;1\/3&#8243; css=&#8221;.vc_custom_1471791466594{margin-bottom: 30px !important;padding-right: 2px !important;padding-left: 2px !important;}&#8221;][\/vc_column][vc_column width=&#8221;1\/3&#8243; css=&#8221;.vc_custom_1471791487523{margin-bottom: 30px !important;padding-right: 2px !important;padding-left: 2px !important;}&#8221;][\/vc_column][\/vc_row][vc_row css=&#8221;.vc_custom_1590599705811{margin-bottom: 100px !important;background-color: #000000 !important;}&#8221;][vc_column 0=&#8221;&#8221; &hellip; <\/p>\n","protected":false},"author":1,"featured_media":0,"parent":0,"menu_order":0,"comment_status":"closed","ping_status":"closed","template":"page-templates\/homepage.php","meta":{"footnotes":""},"class_list":["post-4523","page","type-page","status-publish","hentry"],"_links":{"self":[{"href":"https:\/\/escuelazonaparque.com\/escuela\/wp-json\/wp\/v2\/pages\/4523"}],"collection":[{"href":"https:\/\/escuelazonaparque.com\/escuela\/wp-json\/wp\/v2\/pages"}],"about":[{"href":"https:\/\/escuelazonaparque.com\/escuela\/wp-json\/wp\/v2\/types\/page"}],"author":[{"embeddable":true,"href":"https:\/\/escuelazonaparque.com\/escuela\/wp-json\/wp\/v2\/users\/1"}],"replies":[{"embeddable":true,"href":"https:\/\/escuelazonaparque.com\/escuela\/wp-json\/wp\/v2\/comments?post=4523"}],"version-history":[{"count":47,"href":"https:\/\/escuelazonaparque.com\/escuela\/wp-json\/wp\/v2\/pages\/4523\/revisions"}],"predecessor-version":[{"id":11566,"href":"https:\/\/escuelazonaparque.com\/escuela\/wp-json\/wp\/v2\/pages\/4523\/revisions\/11566"}],"wp:attachment":[{"href":"https:\/\/escuelazonaparque.com\/escuela\/wp-json\/wp\/v2\/media?parent=4523"}],"curies":[{"name":"wp","href":"https:\/\/api.w.org\/{rel}","templated":true}]}}