{"id":11496,"date":"2020-05-26T18:43:16","date_gmt":"2020-05-26T18:43:16","guid":{"rendered":"https:\/\/escuelazonaparque.com\/escuela\/?page_id=11496"},"modified":"2020-05-26T18:56:39","modified_gmt":"2020-05-26T18:56:39","slug":"proyecto","status":"publish","type":"page","link":"https:\/\/escuelazonaparque.com\/escuela\/proyecto\/","title":{"rendered":"Proyecto"},"content":{"rendered":"<p>[vc_row css=&#8221;.vc_custom_1471019067901{padding-top: 30px !important;}&#8221;][vc_column]<div class=\"thim-widget-heading\"><div class=\"sc_heading   text-center\"><h3 class=\"title\">Nuestra noci\u00f3n de proyecto conlleva la asociaci\u00f3n de distintas instancias:<\/h3><p class=\"sub-heading\" style=\"\">Trabajo en equipo, deteci\u00f3n de dificultades, estrategias de resoluci\u00f3n profesionalismo, despliegue de cursos de acci\u00f3n, compromiso de los actores y procedimientos de auto evaluaci\u00f3n.<\/p><\/div><\/div>[\/vc_column][\/vc_row][vc_row][vc_column]<div class=\"thim-widget-gallery-images\"><div class=\"thim-carousel-wrapper gallery-img  \" data-visible=\"1\"data-itemtablet=\"1\" data-itemmobile=\"1\" data-autoplay=\"0\" data-navigation=\"0\" data-pagination=\"1\"><div class=\"item\"><img fetchpriority=\"high\" src =\"https:\/\/escuelazonaparque.com\/escuela\/wp-content\/uploads\/2020\/05\/09072014-DSC_4147-copia.jpg\" width=\"875\" height=\"583\" alt=\"\"\/><\/div><div class=\"item\"><img src =\"https:\/\/escuelazonaparque.com\/escuela\/wp-content\/uploads\/2020\/05\/09072014-DSC_4030.jpg\" width=\"875\" height=\"583\" alt=\"\"\/><\/div><\/div><\/div>[vc_column_text]<\/p>\n<div class=\"thim-about-us-quote\">\n<p>\u201cEscuela de Educaci\u00f3n Secundaria Orientada Particular Incorporada\u201d<\/p>\n<div class=\"agency\">N\u00ba 8066 Zona Parque<\/div>\n<hr \/>\n<\/div>\n<p>[\/vc_column_text][\/vc_column][\/vc_row][vc_row css=&#8221;.vc_custom_1471796791252{margin-bottom: 63px !important;}&#8221;][vc_column width=&#8221;1\/2&#8243; css=&#8221;.vc_custom_1471796770554{margin-bottom: 30px !important;}&#8221;][vc_column_text]<\/p>\n<h3 class=\"thim-text-title\">Proyecto<\/h3>\n<p>Nuestro proyecto se basa y se sostiene en el trabajo en equipo. En \u00e9l, ponemos en juego destrezas sociales, requerimientos de empat\u00eda, cooperaci\u00f3n, liderazgos transformacionales y de solidaridad. La buena organizaci\u00f3n desde el origen es la clave. Por ello, es primordial para nosotros plantearnos con claridad los roles y las tareas. Desde nuestra concepci\u00f3n, el trabajo en equipo hace part\u00edcipe a todos los actores de la comunidad educativa, principalmente docentes y no docentes con la dignificaci\u00f3n de la tarea.<\/p>\n<p>Las subjetividades de los j\u00f3venes actuales requieren de docentes con capacidad para presentar plurales propuestas did\u00e1cticas y pedag\u00f3gicas, as\u00ed como tambi\u00e9n para resolver cuestiones relacionadas con situaciones problem\u00e1ticas derivadas de la diversidad. Por ello, la b\u00fasqueda y aplicaci\u00f3n de pr\u00e1cticas innovadoras para incorporar a la ense\u00f1anza las nuevas tecnolog\u00edas de la informaci\u00f3n y la comunicaci\u00f3n es constante. Nuestro fin institucional es educar adolescentes para una inserci\u00f3n laboral y\/o la continuidad de estudios superiores; formar personas con la capacidad para elaborar su propio proyecto de vida en el contexto de las instituciones democr\u00e1ticas, convirti\u00e9ndose en ciudadanos competentes, trabajadores, solventes y responsables que asuman una actitud cr\u00edtica y transformadora de la realidad.<\/p>\n<p>En s\u00edntesis, nuestra noci\u00f3n de proyecto conlleva la asociaci\u00f3n de distintas instancias: trabajo en equipo, detecci\u00f3n de dificultades, estrategias de resoluci\u00f3n, profesionalismo, despliegue de cursos de acci\u00f3n, compromiso de los actores y procedimientos de auto evaluaci\u00f3n.[\/vc_column_text][\/vc_column][vc_column width=&#8221;1\/2&#8243; css=&#8221;.vc_custom_1471796781968{margin-bottom: 30px !important;}&#8221;][vc_column_text]<\/p>\n<h3 class=\"thim-text-title\">Nuestro Equipo<\/h3>\n<p><img decoding=\"async\" class=\"alignnone size-full wp-image-11451\" src=\"https:\/\/escuelazonaparque.com\/escuela\/wp-content\/uploads\/2020\/05\/09072014-DSC_3993-copia-300x157.jpg\" alt=\"\" width=\"458\" height=\"240\" srcset=\"https:\/\/escuelazonaparque.com\/escuela\/wp-content\/uploads\/2020\/05\/09072014-DSC_3993-copia-300x157.jpg 300w, https:\/\/escuelazonaparque.com\/escuela\/wp-content\/uploads\/2020\/05\/09072014-DSC_3993-copia-768x403.jpg 768w, https:\/\/escuelazonaparque.com\/escuela\/wp-content\/uploads\/2020\/05\/09072014-DSC_3993-copia.jpg 875w\" sizes=\"(max-width: 458px) 100vw, 458px\" \/><\/p>\n<p><img loading=\"lazy\" decoding=\"async\" class=\"alignnone size-full wp-image-11453\" src=\"https:\/\/escuelazonaparque.com\/escuela\/wp-content\/uploads\/2020\/05\/09072014-DSC_4024-copia-300x200.jpg\" alt=\"\" width=\"458\" height=\"305\" srcset=\"https:\/\/escuelazonaparque.com\/escuela\/wp-content\/uploads\/2020\/05\/09072014-DSC_4024-copia-300x200.jpg 300w, https:\/\/escuelazonaparque.com\/escuela\/wp-content\/uploads\/2020\/05\/09072014-DSC_4024-copia-768x512.jpg 768w, https:\/\/escuelazonaparque.com\/escuela\/wp-content\/uploads\/2020\/05\/09072014-DSC_4024-copia.jpg 875w\" sizes=\"(max-width: 458px) 100vw, 458px\" \/><\/p>\n<p>[\/vc_column_text][\/vc_column][\/vc_row][vc_row css=&#8221;.vc_custom_1471796791252{margin-bottom: 63px !important;}&#8221;][vc_column width=&#8221;1\/2&#8243; css=&#8221;.vc_custom_1471796770554{margin-bottom: 30px !important;}&#8221;][vc_column_text]<\/p>\n<h3 class=\"thim-text-title\">Ellos<\/h3>\n<p>[\/vc_column_text][vc_single_image image=&#8221;11460&#8243; img_size=&#8221;full&#8221;][\/vc_column][vc_column width=&#8221;1\/2&#8243; css=&#8221;.vc_custom_1471796781968{margin-bottom: 30px !important;}&#8221;][vc_column_text]<\/p>\n<h3 class=\"thim-text-title\">Perfil del Alumno<\/h3>\n<p>Nuestro objetivo es formar j\u00f3venes que respondan al perfil de:<\/p>\n<ul>\n<li>Ciudadanos con s\u00f3lidos principios \u00e9ticos que les permitan insertarse en la actividad p\u00fablica o privada.<\/li>\n<li>Ciudadanos efectivamente libres en una sociedad con una fuerte influencia de la tecnolog\u00eda.<\/li>\n<li>Individuos capaces de interactuar socialmente con esp\u00edritu cr\u00edtico, creativo y expresivo.<\/li>\n<li>Personas que conozcan y aprecien el valor del cooperativismo, para luego ponerlos en pr\u00e1ctica, alcanzando con sus procederes el bien de la comunidad.<\/li>\n<\/ul>\n<p>[\/vc_column_text][\/vc_column][\/vc_row]<\/p>\n","protected":false},"excerpt":{"rendered":"<p>[vc_row css=&#8221;.vc_custom_1471019067901{padding-top: 30px !important;}&#8221;][vc_column][\/vc_column][\/vc_row][vc_row][vc_column][vc_column_text] \u201cEscuela de Educaci\u00f3n Secundaria Orientada Particular Incorporada\u201d N\u00ba 8066 Zona Parque [\/vc_column_text][\/vc_column][\/vc_row][vc_row css=&#8221;.vc_custom_1471796791252{margin-bottom: 63px !important;}&#8221;][vc_column width=&#8221;1\/2&#8243; css=&#8221;.vc_custom_1471796770554{margin-bottom: 30px !important;}&#8221;][vc_column_text] Proyecto Nuestro proyecto se basa y se sostiene en el trabajo en equipo. En \u00e9l, ponemos en &hellip; <\/p>\n","protected":false},"author":1,"featured_media":0,"parent":0,"menu_order":0,"comment_status":"closed","ping_status":"closed","template":"","meta":{"footnotes":""},"class_list":["post-11496","page","type-page","status-publish","hentry"],"_links":{"self":[{"href":"https:\/\/escuelazonaparque.com\/escuela\/wp-json\/wp\/v2\/pages\/11496"}],"collection":[{"href":"https:\/\/escuelazonaparque.com\/escuela\/wp-json\/wp\/v2\/pages"}],"about":[{"href":"https:\/\/escuelazonaparque.com\/escuela\/wp-json\/wp\/v2\/types\/page"}],"author":[{"embeddable":true,"href":"https:\/\/escuelazonaparque.com\/escuela\/wp-json\/wp\/v2\/users\/1"}],"replies":[{"embeddable":true,"href":"https:\/\/escuelazonaparque.com\/escuela\/wp-json\/wp\/v2\/comments?post=11496"}],"version-history":[{"count":9,"href":"https:\/\/escuelazonaparque.com\/escuela\/wp-json\/wp\/v2\/pages\/11496\/revisions"}],"predecessor-version":[{"id":11505,"href":"https:\/\/escuelazonaparque.com\/escuela\/wp-json\/wp\/v2\/pages\/11496\/revisions\/11505"}],"wp:attachment":[{"href":"https:\/\/escuelazonaparque.com\/escuela\/wp-json\/wp\/v2\/media?parent=11496"}],"curies":[{"name":"wp","href":"https:\/\/api.w.org\/{rel}","templated":true}]}}